{"id":410,"date":"2023-03-30T14:17:03","date_gmt":"2023-03-30T14:17:03","guid":{"rendered":"https:\/\/clic-cool.com\/?page_id=410"},"modified":"2023-03-30T14:24:50","modified_gmt":"2023-03-30T14:24:50","slug":"initiations","status":"publish","type":"page","link":"https:\/\/clic-cool.com\/index.php\/initiations\/","title":{"rendered":"Initiations et Formations"},"content":{"rendered":"\n<p class=\"has-black-color has-text-color\">Ce service est destin\u00e9 \u00e0 vous transmettre notre savoir-faire en mati\u00e8re d&rsquo;utilisation de logiciels informatiques.<\/p>\n\n\n\n<p class=\"has-black-color has-text-color\">&#8211; Initiation \u00e0 l&rsquo;informatique : d\u00e9couverte du clavier et de la&nbsp;souris, gestion de fichiers, etc&#8230;)<\/p>\n\n\n\n<p class=\"has-black-color has-text-color\">&#8211; Navigation Internet : Recherche efficace \u00e0 partir d&rsquo;un moteur de recherche &#8211; Gestion des favoris avec les navigateurs Microsoft Edge, Mozilla Firefox, Google Chrome ou Safari)<\/p>\n\n\n<div class=\"wp-block-image\">\n<figure class=\"aligncenter\"><a href=\"http:\/\/www.clic-cool.com\/wp-content\/uploads\/2015\/04\/Ubuntu_logo_orange3-e1429391599262.png\"><img decoding=\"async\" src=\"http:\/\/www.clic-cool.com\/wp-content\/uploads\/2015\/04\/Ubuntu_logo_orange3-150x150.png\" alt=\"Ubuntu_logo_orange\" class=\"wp-image-95\"\/><\/a><\/figure>\n<\/div>\n\n\n<p class=\"has-black-color has-text-color\">&#8211; R\u00e9cup\u00e9rer, organiser et classer ses photos dans des dossiers sur son ordinateur.&nbsp;Partager ses photos par mail ou sur Internet (sites d\u00e9di\u00e9s ou r\u00e9seaux sociaux).<\/p>\n\n\n\n<p class=\"has-black-color has-text-color\">&#8211;&nbsp;Savoir utiliser un traitement de texte : Initiation et&nbsp;Formation sur Word&nbsp;ou Writer de LibreOffice&nbsp;(Th\u00e8ses, Rapports, Courrier, Mise-en-Forme\/Publication).<\/p>\n\n\n\n<p class=\"has-black-color has-text-color\">&#8211; Savoir utiliser un tableur : Initiation et Formation sur Excel ou Calc de LibreOffice&nbsp;(Calculs, tableaux, graphiques).<\/p>\n\n\n\n<p class=\"has-black-color has-text-color\">&#8211; Savoir utiliser un logiciel de pr\u00e9sentation : Initiation et Formation sur Powerpoint ou Impress de LibreOffice (Creation de pr\u00e9sentation anim\u00e9es et de diaporamas)<\/p>\n\n\n\n<p class=\"has-black-color has-text-color\">&#8211; Savoir utiliser un logiciel de messagerie: Outlook, Thunderbird ou encore Mail sur Mac OS X)<\/p>\n\n\n<div class=\"wp-block-image\">\n<figure class=\"aligncenter\"><a href=\"http:\/\/www.clic-cool.com\/wp-content\/uploads\/2015\/04\/ok.png\"><img decoding=\"async\" src=\"http:\/\/www.clic-cool.com\/wp-content\/uploads\/2015\/04\/ok-150x150.png\" alt=\"ok\" class=\"wp-image-120\"\/><\/a><\/figure>\n<\/div>","protected":false},"excerpt":{"rendered":"<p>Ce service est destin\u00e9 \u00e0 vous transmettre notre savoir-faire en mati\u00e8re d&rsquo;utilisation de logiciels informatiques. &#8211; Initiation \u00e0 l&rsquo;informatique : d\u00e9couverte du clavier et de la&nbsp;souris, gestion de fichiers, etc&#8230;) &#8211; Navigation Internet : Recherche efficace \u00e0 partir d&rsquo;un moteur de recherche &#8211; Gestion des favoris avec les navigateurs Microsoft Edge, Mozilla Firefox, Google Chrome&hellip;<\/p>\n","protected":false},"author":1,"featured_media":0,"parent":0,"menu_order":0,"comment_status":"closed","ping_status":"closed","template":"","meta":{"footnotes":""},"class_list":["post-410","page","type-page","status-publish","hentry"],"_links":{"self":[{"href":"https:\/\/clic-cool.com\/index.php\/wp-json\/wp\/v2\/pages\/410","targetHints":{"allow":["GET"]}}],"collection":[{"href":"https:\/\/clic-cool.com\/index.php\/wp-json\/wp\/v2\/pages"}],"about":[{"href":"https:\/\/clic-cool.com\/index.php\/wp-json\/wp\/v2\/types\/page"}],"author":[{"embeddable":true,"href":"https:\/\/clic-cool.com\/index.php\/wp-json\/wp\/v2\/users\/1"}],"replies":[{"embeddable":true,"href":"https:\/\/clic-cool.com\/index.php\/wp-json\/wp\/v2\/comments?post=410"}],"version-history":[{"count":5,"href":"https:\/\/clic-cool.com\/index.php\/wp-json\/wp\/v2\/pages\/410\/revisions"}],"predecessor-version":[{"id":416,"href":"https:\/\/clic-cool.com\/index.php\/wp-json\/wp\/v2\/pages\/410\/revisions\/416"}],"wp:attachment":[{"href":"https:\/\/clic-cool.com\/index.php\/wp-json\/wp\/v2\/media?parent=410"}],"curies":[{"name":"wp","href":"https:\/\/api.w.org\/{rel}","templated":true}]}}